= -h**2 - 22*h - 2. What is the units digit of n(-17)?
3
What is the units digit of ((-9)/27)/((-2)/1374)?
9
Suppose 600 = 2*g + 7*p - 5*p, -p - 4 = 0. What is the tens digit of g?
0
Let w(z) = z**2 + 2*z + 1. Let h be 5/(-1) - (-3 - 0). What is the units digit of w(h)?
1
What is the tens digit of (3 - 2)*136 - (3 + -6)?
3
Suppose -4*d + d = -9, 3*d = -2*k + 15. Suppose 0 = x - 2*x - k. What is the units digit of -1 - 6/x - -8?
9
Suppose -8 = -2*s + 3*h + 7, s - 25 = 5*h. Let c = 2 + s. What is the units digit of c?
2
Suppose 4*j - 2*l + 12 = 0, j + 0*j - 3*l = 2. Let q = 0 - j. Suppose 20 = q*b + 4. What is the units digit of b?
4
Let d(t) = 12*t**2 - t + 2*t - 15*t**2. Let k be d(-1). What is the units digit of 0 + (0 + k)/(-2)?
2
Suppose 0 = -3*b + 49 - 4. Suppose -t - 1 = -b. What is the units digit of t?
4
Suppose 4 = -3*x - 5. Let p be (-10)/x - 6/(-9). Let t(i) = 3*i - 3. What is the units digit of t(p)?
9
Suppose 3*s + 2 = 8. Let r be s + 0*(0 - -1). Suppose -r*y + 38 = -0*y - 5*w, y = -5*w - 11. What is the units digit of y?
9
Let h(r) = r**3 - 15*r**2 + 16*r + 10. What is the tens digit of h(14)?
3
Let f(z) = -z**2 + 1. Let u be f(3). Let d = u - -8. Suppose d*c - 5*c = -75. What is the tens digit of c?
1
Let b = -30 + 64. Let v = -24 + b. What is the tens digit of v?
1
Let r(p) = -3*p - 21. Suppose 2*v = -5*y - 69, -5*y - 39 = -v + 39. What is the tens digit of r(y)?
2
Let w = -21 - -56. What is the units digit of w?
5
Suppose -5 - 7 = 3*t. Let g(v) = -v**2 - v + 4. Let k be g(t). Let s = -7 - k. What is the units digit of s?
1
Suppose 0 = 2*v - 17 - 15. Suppose 2*x - f + 8 = 5*x, 4*f + v = 4*x. What is the units digit of x?
3
Let r be 6*((-75)/6)/(-5). Suppose 0 = -0*g + 5*g - r. Suppose 2*q - 5*n = 25, 23 = g*q - 5*n - 12. What is the units digit of q?
0
Suppose 0 = 2*h + b - 35 - 16, 8 = h - 3*b. What is the units digit of h?
3
Suppose 25 = -2*z + 63. What is the units digit of z?
9
Let l = 47 - 29. Suppose k + 2*p = 14 - 1, k - 3*p = l. What is the tens digit of k?
1
Suppose 160 = 4*m - 4*f, 3*m + 0 = -2*f + 140. What is the tens digit of m?
4
Let m(c) = -c**2 - c + 10. Let x be m(0). Let n = -8 + x. Let j = -1 + n. What is the units digit of j?
1
Suppose 5*h - 51 = -2*u, -3*h = 3*u + 7 - 43. What is the units digit of (0 + (-3)/h)*-33?
1
Let z be 4/(-10) + 54/10. Suppose 0*o + z*o - 4*v = 34, 0 = -o - 5*v + 30. What is the tens digit of o?
1
Suppose -2*p - 18 = 32. Let a = p + 13. Let b = 29 + a. What is the tens digit of b?
1
Suppose 5*t + c + 5 = 0, t - 2*t = -c - 5. Suppose t = -m - 3*m. Suppose -a - 5 = -m*a, -2*a - 38 = -4*p. What is the units digit of p?
7
Let f = -10 + 7. What is the units digit of 3 - 9/(-3) - f?
9
Let y(f) = -f**3 - 5*f**2 + 5*f. Let t be y(-6). Let b(k) = k**3 + 2*k + k - k**2 - 6*k**2 - t. What is the units digit of b(7)?
5
What is the tens digit of ((-1288)/(-20) - -1) + 9/15?
6
Let n(c) = c + 2. Let j be n(-2). Suppose -2*u = -j*u. Suppose u = 5*h + 9 - 54. What is the units digit of h?
9
Let a(h) = 17*h**2 + 1. Let y be a(-1). Suppose 2*f + f - y = 0. Let j(o) = -o**2 + 8*o + 6. What is the units digit of j(f)?
8
Suppose 8 = 4*h - o, -5*h + 2*o + 7 = -6. Let f be (-48)/(6/(-2)) - h. Suppose -3*w - 4 = 4*t - 34, -t = 2*w - f. What is the units digit of w?
6
Suppose -5*g - 17 + 87 = 0. What is the tens digit of ((-644)/(-49))/(4/g)?
4
Let i = 12 + -26. What is the units digit of (-1)/(3/(i - -2))?
4
Let w be 4/(-6) - 96/(-9). Let g(v) = 5*v + 6*v - 8 + 0*v**2 - v**2. What is the units digit of g(w)?
2
Let q = 1 - -2. Let b be 38/9 - 2/9. Suppose b*p = -2*z + z + 36, -12 = -q*z. What is the units digit of p?
8
Suppose -2*n - 2*n = -3*f + 44, -8 = -2*n. Suppose -68 = -w - 3*w - 2*d, -w + f = -d. What is the units digit of w?
8
What is the units digit of 0 - -77 - 2/1?
5
Suppose 4*o = -0*o + 3*j + 119, -4*j + 54 = 2*o. What is the units digit of o?
9
Suppose 0 = -s - 0*s. Let y be 4 + -1 + s - -2. Suppose 0 = y*j - 4*j - 10. What is the units digit of j?
0
Let c = -3 - -7. Suppose -5*f = 3*z - 15, c*f - 3*z + 9 = 21. Suppose f*x - 11 = 1. What is the units digit of x?
4
Let n be 1/(-4) - (-51)/12. Let s be (-1)/(-4) - (-11)/n. Suppose s*u + 2 = 4*u. What is the units digit of u?
2
Suppose 3*d - 9 = 0, -5*d - 162 - 93 = -3*m. Suppose -5*i = 5*b - m, -5*i + 26 = -5*b - 14. What is the tens digit of i?
1
Let a = 1 - -2. Let s = a + 3. Suppose -s*p + p + 29 = -4*w, 0 = -2*p - w + 9. What is the units digit of p?
5
Suppose -4*g = -5*u - 39 - 163, -136 = -3*g - 4*u. What is the units digit of g?
8
Suppose -h + c + 11 = -c, -4*h = -2*c - 32. Suppose -h*q = -3*q - 96. What is the units digit of q?
4
Suppose 3*x = c + 79, 3*c = -1 - 11. What is the tens digit of x?
2
Let f(n) = -n**2 - 7*n + 6. Let j be f(-8). Let c = j - -2. Suppose q - 1 = -c*q. What is the units digit of q?
1
Suppose 0 = 3*w - 4 - 14. What is the units digit of (-154)/(-13) + w/39?
2
Let u(q) = -q**2 - 1. Let m(f) = -4*f**2 - 2*f - 3. Let p(d) = -m(d) + 2*u(d). What is the units digit of p(3)?
5
What is the units digit of (-283)/(-4) + 0 + (-9)/12?
0
Suppose 4*t - 2*t = 2*j - 6, 5*j + 5*t = -5. What is the units digit of (-8)/(-20)*(26 - j)?
0
Suppose -8*q + 571 = -3*q - 3*p, 2*q = 4*p + 234. What is the tens digit of q?
1
Let m(w) = -8*w + 3. Let u be -2*(-1)/4*-6. What is the tens digit of m(u)?
2
Let n be 3 + (0 - -1)/(-1). What is the units digit of (3/n)/(10/60)?
9
Suppose -2*p = -6*p. Suppose 2 + p = 2*j. What is the units digit of j?
1
Let n = -48 + 30. Let s = n - -60. What is the tens digit of s?
4
Suppose f = -2*f, 0 = 2*t + f - 10. Suppose -t*s + 7 = 2*p - 0*s, -2*s = -4*p + 26. Let b = p + -3. What is the units digit of b?
3
Let x = -10 - -33. What is the tens digit of x?
2
Let j be -1 - -7 - (-30)/(-10). What is the tens digit of 5*j - (-1)/(-1)?
1
Let y(l) = -l**3 + 5*l**2 - 2*l - 4. Let k be y(3). Let r(u) = u + 1. Let f be r(-3). Let z = f + k. What is the units digit of z?
6
Suppose 2*s - 3*y - 30 = 0, -3*s - y + 21 = -2. Let o be s*(-3 + (-30)/(-9)). Suppose 3*n + n + 28 = 5*a, -o*a - 3*n = -33. What is the units digit of a?
8
Suppose 0 = v + 5, 2*h = -3*h - 4*v - 25. Let y be (-1)/(-4) - (-189)/28. Let z = y + h. What is the units digit of z?
6
Suppose 3*m = -4*z, m - 3*m - z = 0. Let p(x) = 6*x + x + m*x**2 + x**2 + 8. What is the units digit of p(-6)?
2
Let z(a) = 1. Let u(i) = -i**2 + 10*i - 12. Let q(n) = u(n) + 4*z(n). Suppose 3*c - 35 = -2*c. What is the units digit of q(c)?
3
Suppose 0 = -0*m - 4*m + 64. What is the tens digit of m?
1
Let l = 221 - 103. What is the units digit of l?
8
Let s(w) = w**3 - 9*w**2 + 10*w - 10. Let b be s(9). Suppose -7*x - b = -2*x. What is the tens digit of x/(-1) - (-6)/(-6)?
1
Suppose 3*r = r + 4*v + 68, -14 = -r - 2*v. Suppose 0 = 2*j + o - r, -3*j - o + 14 = -5*o. What is the tens digit of j?
1
What is the units digit of (-1 - 2)/(12/(-28))?
7
Let y(s) be the third derivative of s**5/60 - s**3/3 + 5*s**2. Suppose 5*w + 3*k = 3 - 0, 4*w - 4 = -2*k. What is the units digit of y(w)?
7
Suppose -15*t - 15 = -10*t. What is the units digit of t/15 + (-131)/(-5)?
6
Let v(y) = 23*y - 10. What is the units digit of v(3)?
9
Suppose 5*m + 17 = -803. What is the units digit of 6/21 + m/(-14)?
2
Let p(d) = 2*d**2 - 3*d - 11. What is the tens digit of p(6)?
4
Suppose 3*t = 8*t - 95. Let d = -11 + t. What is the units digit of d?
8
Let n be (0 - 5)/(4 + -5). Suppose x + 3*x = -4*f + 64, -n*f - x = -76. What is the tens digit of f?
1
Let y(i) = i**2 + 3. What is the tens digit of y(-4)?
1
Let f be 46*(-1 + (-9)/(-6)). Let q = -13 + f. What is the units digit of (4/q)/((-2)/(-5))?
1
Let t(k) = -k - 1. Let v be t(-1). Suppose v = -7*x + 3*x + 4. What is the units digit of x?
1
Let c = -11 - -23. What is the units digit of c?
2
Let k(n) = n + 10. Let d be k(-9). Let b be (-1 - (d - 3)) + 2. What is the units digit of b*-1*(-8)/3?
8
What is the tens digit of (-146)/(-10) - 2/(-5)?
1
Let c(k) = -k**3 + 4*k**2 - 3*k. Let n be c(2). Suppose -25 = -2*u - n*m + 15, 3*u - 52 = -5*m. What is the units digit of u?
4
Let j = -4 + 62. What is the tens digit of j?
5
Let u(l) = 5*l**2 - 22*l + 35. Let f(b) = 2*b**2 - 7*b + 12. Let c(y) = 8*f(y) - 3*u(y). What is the tens digit of c(-12)?
1
Suppose 180 = 13*w -